ed by 14665.
51
What is the remainder when 28078 is divided by 12?
10
What is the remainder when 26152 is divided by 415?
7
What is the remainder when 20061 is divided by 76?
73
Calculate the remainder when 33873 is divided by 3078.
15
Calculate the remainder when 6000679 is divided by 28.
27
Calculate the remainder when 540268 is divided by 30.
28
Calculate the remainder when 3353 is divided by 594.
383
Calculate the remainder when 75432 is divided by 47.
44
What is the remainder when 11688 is divided by 162?
24
Calculate the remainder when 5246 is divided by 1438.
932
What is the remainder when 21423 is divided by 18?
3
Calculate the remainder when 11600 is divided by 247.
238
What is the remainder when 4506 is divided by 642?
12
Calculate the remainder when 2441 is divided by 933.
575
Calculate the remainder when 137700 is divided by 871.
82
What is the remainder when 18082 is divided by 132?
130
What is the remainder when 2336 is divided by 195?
191
What is the remainder when 152897 is divided by 178?
173
What is the remainder when 24741869 is divided by 2766?
2765
What is the remainder when 30884 is divided by 10208?
260
What is the remainder when 31616 is divided by 102?
98
What is the remainder when 1066048 is divided by 414?
412
What is the remainder when 3529877 is divided by 237?
236
Calculate the remainder when 232637 is divided by 609.
608
What is the remainder when 3958 is divided by 665?
633
Calculate the remainder when 5167 is divided by 5.
2
What is the remainder when 821 is divided by 103?
100
What is the remainder when 446 is divided by 100?
46
Calculate the remainder when 52731 is divided by 13167.
63
What is the remainder when 16426 is divided by 265?
261
What is the remainder when 15758161 is divided by 14?
13
Calculate the remainder when 1070901 is divided by 1459.
1454
What is the remainder when 1772 is divided by 672?
428
Calculate the remainder when 9968 is divided by 2407.
340
What is the remainder when 25469 is divided by 25412?
57
Calculate the remainder when 11619 is divided by 29.
19
Calculate the remainder when 710 is divided by 121.
105
What is the remainder when 58621 is divided by 715?
706
Calculate the remainder when 790 is divided by 757.
33
What is the remainder when 38652 is divided by 9?
6
Calculate the remainder when 2970 is divided by 561.
165
Calculate the remainder when 26583 is divided by 2953.
6
What is the remainder when 46217 is divided by 23077?
63
What is the remainder when 2609 is divided by 17?
8
Calculate the remainder when 3049 is divided by 451.
343
Calculate the remainder when 500288 is divided by 36.
32
What is the remainder when 91454 is divided by 14?
6
What is the remainder when 21143 is divided by 43?
30
What is the remainder when 62097 is divided by 12?
9
What is the remainder when 7916 is divided by 7916?
0
Calculate the remainder when 15372 is divided by 205.
202
What is the remainder when 749 is divided by 43?
18
What is the remainder when 24252 is divided by 592?
572
What is the remainder when 4266 is divided by 2111?
44
Calculate the remainder when 78697 is divided by 60.
37
Calculate the remainder when 89180 is divided by 87.
5
What is the remainder when 4589 is divided by 583?
508
What is the remainder when 3538939 is divided by 695?
694
What is the remainder when 4641 is divided by 1786?
1069
Calculate the remainder when 11792 is divided by 2637.
1244
What is the remainder when 1237544 is divided by 156?
152
Calculate the remainder when 39949 is divided by 16.
13
What is the remainder when 4560 is divided by 118?
76
Calculate the remainder when 12472 is divided by 4109.
145
What is the remainder when 19119 is divided by 95?
24
What is the remainder when 168296 is divided by 33650?
46
What is the remainder when 2525 is divided by 1500?
1025
What is the remainder when 10856 is divided by 510?
146
What is the remainder when 2757518 is divided by 16?
14
What is the remainder when 6362 is divided by 26?
18
What is the remainder when 3412 is divided by 514?
328
What is the remainder when 14063 is divided by 160?
143
What is the remainder when 1601 is divided by 487?
140
Calculate the remainder when 53097 is divided by 191.
190
What is the remainder when 1450 is divided by 388?
286
What is the remainder when 1063505 is divided by 194?
191
Calculate the remainder when 2825 is divided by 903.
116
Calculate the remainder when 26884 is divided by 286.
0
Calculate the remainder when 49710 is divided by 16.
14
What is the remainder when 7275 is divided by 1392?
315
What is the remainder when 9510 is divided by 1582?
18
Calculate the remainder when 2656 is divided by 257.
86
What is the remainder when 3018548 is divided by 2306?
2300
Calculate the remainder when 944100 is divided by 5792.
4
What is the remainder when 30734 is divided by 23?
6
Calculate the remainder when 451414 is divided by 150469.
7
What is the remainder when 30965 is divided by 387?
5
What is the remainder when 188205 is divided by 261?
24
Calculate the remainder when 65714 is divided by 18.
14
Calculate the remainder when 4508 is divided by 337.
127
What is the remainder when 18316 is divided by 6?
4
What is the remainder when 1763 is divided by 512?
227
What is the remainder when 3256 is divided by 322?
36
What is the remainder when 25651 is divided by 242?
241
Calculate the remainder when 4922 is divided by 1540.
302
Calculate the remainder when 548 is divided by 126.
44
What is the remainder when 64301 is divided by 4946?
3
Calculate the remainder when 200295 is divided by 35.
25
What is the remainder when 1230 is divided by 17?
6
Calculate the remainder when 260995 is divided by 5553.
4
What is the remainder when 210177 is divided by 70055?
12
What is the remainder when 116331 is divided by 18?
15
Calculate the remainder when 1090 is divided by 363.
1
Calculate the remainder when 53890 is divided by 187.
34
Calculate the remainder when 361309 is divided by 120431.
16
What is the remainder when 36214 is divided by 36199?
15
What is the remainder when 176371 is divided by 423?
403
Calculate the remainder when 1528 is divided by 377.
20
What is the remainder when 90005 is divided by 90003?
2
Calculate the remainder when 49796 is divided by 334.
30
What is the remainder when 425301 is divided by 57?
24
What is the remainder when 5334 is divided by 119?
98
What is the remainder when 6487 is divided by 92?
47
Calculate the remainder when 114366 is divided by 183.
174
Calculate the remainder when 129989 is divided by 31.
6
What is the remainder when 3950 is divided by 303?
11
Calculate the remainder when 61598 is divided by 275.
273
What is the remainder when 8184 is divided by 407?
44
What is the remainder when 883429 is divided by 22?
19
What is the remainder when 14117 is divided by 191?
174
What is the remainder when 82840 is divided by 10355?
0
Calculate the remainder when 917 is divided by 56.
21
What is the remainder when 2402 is divided by 357?
260
What is the remainder when 280972 is divided by 140482?
8
What is the remainder when 20340 is divided by 754?
736
Calculate the remainder when 756 is divided by 352.
52
What is the remainder when 3159 is divided by 261?
27
What is the remainder when 51574 is divided by 4688?
6
Calculate the remainder when 347168 is divided by 141.
26
Calculate the remainder when 5225 is divided by 1331.
1232
Calculate the remainder when 18056 is divided by 9024.
8
What is the remainder when 25533 is divided by 10?
3
Calculate the remainder when 4614 is divided by 1420.
354
Calculate the remainder when 11712 is divided by 731.
16
What is the remainder when 4076017 is divided by 1285?
1282
What is the remainder when 178407 is divided by 19?
16
What is the remainder when 334937 is divided by 9?
2
What is the remainder when 2316 is divided by 1154?
8
What is the remainder when 3211 is divided by 1051?
58
What is the remainder when 81064 is divided by 95?
29
Calculate the remainder when 307467 is divided by 43.
17
Calculate the remainder when 405 is divided by 181.
43
Calculate the remainder when 14033 is divided by 226.
21
Calculate the remainder when 2208 is divided by 293.
157
What is the remainder when 13883 is divided by 13866?
17
Calculate the remainder when 19283 is divided by 40